t common divisor of u and 18?
18
Let b be (-417)/(-7) - 18/(-42). Suppose 22 = -3*s + 166. Suppose 0*k = 4*k - s. Calculate the highest common divisor of k and b.
12
Suppose 2*u + 120 = 30. Let h = -25 - u. What is the greatest common divisor of 70 and h?
10
Suppose 0 = -3*h - h - 2*s + 50, 4*h + 5*s = 59. Calculate the highest common factor of h and 22.
11
Let v(p) = p**3 + 15*p**2 - 8*p - 12. Let x = -77 - -62. Let u be v(x). What is the greatest common divisor of 12 and u?
12
Suppose 5*l - g - 75 = 0, 5*g + 6 = -4*l + 37. Let c be 1*7/(l/88). Let j = c - 4. What is the highest common factor of 5 and j?
5
Let f = -1574 + 1604. Calculate the greatest common divisor of 75 and f.
15
Let c(s) = s**2 - s - 5. Let d be c(4). Let u be (0 - -8)*(d + -3). What is the highest common factor of 16 and u?
16
Suppose 0 = -4*x - 2*c - c + 141, -3*x = -2*c - 127. What is the highest common factor of x and 39?
39
Let p(w) = w + 10 + 2*w - 5 - w. Let l be p(5). Let d be (-1353)/(-9) + (-5)/l. What is the greatest common divisor of 15 and d?
15
Suppose -3*c = -a - c - 19, 3*a + 93 = -3*c. Let y be 10/((12/20)/(a/(-30))). Calculate the greatest common factor of y and 135.
15
Let p(j) = -j**3 - 284. Let t be p(0). Let z = t + 515. Suppose -2*a = 3*l - 0*a - 55, 9*l - 193 = a. What is the highest common factor of z and l?
21
Suppose 756 = -243*d + 249*d. Calculate the highest common factor of d and 28.
14
Suppose 5*z - 537 - 1549 = 2*n, -5*z + 3*n = -2084. Calculate the greatest common divisor of 22 and z.
22
Suppose 3*u - 47 = -32. Suppose -6*j - u*j = -1210. What is the highest common divisor of j and 10?
10
Suppose 0 = 3*n - 5*h - 11, 4*n - 6 = -n - 4*h. What is the highest common divisor of 18 and n?
2
Let g(x) = 2*x**2 + 21*x + 122. Let l be g(-10). What is the greatest common factor of l and 48?
16
Let i(s) = s**3 + s + 42. Let d be i(0). Suppose 0 = 29*v + 48*v - 2156. Calculate the highest common factor of v and d.
14
Let i be 26/(7/7) - (-5 + 8). What is the greatest common divisor of i and 989?
23
Suppose 10*d - 576 = -2*f + 7*d, d = f - 288. Calculate the highest common divisor of 9 and f.
9
Let h = 158 + -73. Suppose -6*w + 8*w - 5*n - 13 = 0, 5*w = -5*n + h. What is the highest common factor of 14 and w?
14
Suppose 0 = -2*g + 5*f + 978 + 1831, 3*g - 2*f - 4197 = 0. What is the highest common factor of g and 11?
11
Let g = 8 - -7. Suppose 3*d - g = 6. Suppose 46 = 3*m + 2*x, 2*m + 70 = d*m + 2*x. What is the greatest common factor of m and 96?
12
Suppose 4*u - 1138 = 3*f, -8*u - 290 = -9*u - 2*f. What is the highest common divisor of u and 66?
22
Suppose 0 = 24*s - 15*s - 810. What is the greatest common divisor of s and 63?
9
Suppose -4*t - 488 = 3*p + p, 2*t - p + 235 = 0. Let a = -5 - t. Suppose -2*r = 4*s - 84, -2*r - r - 2*s = -a. Calculate the greatest common factor of 9 and r.
9
Let g be 1008/96*(2 + 0)/1. Let y = 0 - -2. Suppose -v + 99 = y*a + 21, 5*a + 183 = 2*v. Calculate the greatest common divisor of v and g.
21
Let s = -5457 - -5460. Let l(u) be the second derivative of u**4/6 + 5*u**3/3 + 9*u**2/2 - 2*u. Let h be l(-6). What is the greatest common factor of s and h?
3
Suppose q = -a - 1, -2*q + 4*q - 13 = 3*a. Suppose -32 = -6*x - q. Let i be (2*-5)/(-4 - -2). What is the highest common divisor of x and i?
5
Let l be 8/(-12) + (-3)/(18/(-28)). Suppose -l*k = -8*k + 72. Calculate the highest common factor of 27 and k.
9
Let v be ((-4 - -6) + -3)*-9. Let j be (-1)/(1*(-2)/6). Suppose 0 = j*s - 204 + 15. Calculate the highest common factor of s and v.
9
Suppose -1 - 5 = -2*m. Suppose m*a + 0 = 168. What is the greatest common factor of a and 14?
14
Let j = -441 + 451. Calculate the highest common factor of 905 and j.
5
Let h be (-4)/(1*-4) - 1. Let n(a) = 6*a - 11*a + h*a**2 + 4 + 6*a**2 + 0*a. Let t be n(4). Calculate the highest common divisor of t and 32.
16
Suppose -48*h + 167 = -49*h. Let z = h - -311. Calculate the highest common divisor of z and 16.
16
Suppose 3*g - 143 - 46 = 0. Let t = -29 - -26. Let i be (t - -12)/(-1 - (-1 - 1)). What is the greatest common divisor of g and i?
9
Suppose -2*f = -n - 133, f + f - 3*n - 135 = 0. Let y = 68 - f. What is the greatest common factor of y and 14?
2
Let v(q) = 18*q - 3 + 15*q - 18*q. Let h be v(4). Suppose 2*t + 2*z - 12 = 16, 5*z = -25. Calculate the greatest common factor of h and t.
19
Suppose 92 = -3*d - 181. Let w = d - -130. Calculate the highest common factor of 273 and w.
39
Let h(o) = -6*o. Let c be h(-4). Let f be (1/(-2))/((-4)/(-160)). Let s = 23 + f. What is the highest common divisor of s and c?
3
Suppose -2*l + 26 = -3*x + 144, -2*l = 10. Suppose 2*i + 2*y = -0*y + 652, i = y + 322. What is the highest common divisor of x and i?
36
Suppose 2 = 4*i - 38. Suppose 0*b + b - i = 0. Let l = b + 10. What is the greatest common factor of 10 and l?
10
Suppose 3*t + 16 - 43 = 0. Let b be t/36 - 70/(-8). Let w be 0/(1 + 1) + 99. What is the highest common divisor of b and w?
9
Suppose -3*c - 87 = 216. Let n = -61 - c. Calculate the greatest common factor of 20 and n.
20
Suppose -2*f - 5*w = -10, 3*f - 2*w - 14 - 20 = 0. Suppose 0 = -3*q + 63 + 27. What is the greatest common factor of f and q?
10
Suppose 17*h = 14*h + 150. What is the highest common factor of h and 2?
2
Let c be 14/133 - (-3342)/19. Calculate the greatest common factor of 11 and c.
11
Suppose 14*l = 27 + 393. What is the highest common divisor of l and 105?
15
Suppose 0 = 14*s - 313 - 51. Let a be (-1)/(-2)*(9 - 3). Suppose b - 119 = 3*l, 5 = -a*l + 2*l. Calculate the highest common divisor of b and s.
26
Let j = -2 + -3. Let k(l) = l**2 + 4*l - 4. Let a be k(j). What is the greatest common divisor of 8 and a?
1
Let q = -26 + 29. Suppose -625 = -5*t + q*o, 3*t + o - 1 = 388. What is the greatest common divisor of t and 16?
16
Let h be ((-60)/(-24))/((-10)/(-8)). Suppose -3*z + 4*n - h*n = -27, -n - 36 = -4*z. What is the highest common divisor of z and 36?
9
Let r = 6 - -1. Let n = r + 56. Suppose 3*u + 12 - 64 = 5*p, -2*u + 38 = -4*p. What is the highest common divisor of n and u?
9
Suppose -5*r = -22*c + 25*c - 84, 4*r - 3*c = 78. Calculate the highest common factor of r and 738.
18
Let h = 13 + -4. Let m be 213/9 + 2/(-3). Let x = 41 - m. Calculate the greatest common factor of x and h.
9
Suppose 2 = 2*u, 13*u - 9*u + 100 = 2*y. Calculate the greatest common factor of 65 and y.
13
Let b(l) = -l + l**2 + 0*l - 5*l. Let t be b(10). Suppose 4 - 68 = -4*r. What is the highest common divisor of r and t?
8
Let o(g) = -52*g - 68. Let p be o(-5). What is the highest common factor of p and 72?
24
Let b be (-1 - 59)*56/(-35)*1. Let d be (-4)/(-2*4/b). Let m = -14 - -20. What is the highest common factor of d and m?
6
Suppose -5*k + 40 = -5*i, k = -2*k - 5*i + 8. Let f = 12 - k. What is the greatest common divisor of f and 66?
6
Suppose 5*j + 13 = 4*j - k, 34 = -3*j + 2*k. Let b be (-242)/j + (-1)/6 + -2. Calculate the greatest common divisor of b and 2.
2
Let m(p) = p**3 + 4*p**2 + 2*p. Let r be m(-3). Suppose -69*z + 1760 = 283*z. What is the highest common divisor of r and z?
1
Let r = -8 - -18. Let p be (-51)/(-1) - (3/1)/3. Suppose 2*w - p - 110 = 0. Calculate the highest common factor of r and w.
10
Let j = -155 + 291. Let g be (-2 - 2) + (-4 - 34). Let i = g - -59. Calculate the highest common factor of j and i.
17
Suppose -23*h + 26*h = 0. Suppose -c + 9 + 5 = h. Let b = c - 4. Calculate the highest common divisor of 110 and b.
10
Suppose -r = 5*x - 81, r = -2*r - x + 173. Suppose -y - 5*f = 1 - 12, -f = -y - 13. Let p be (r/24)/((-1)/y). What is the greatest common factor of 7 and p?
7
Let a = 385 + -349. What is the greatest common factor of a and 336?
12
Suppose 0*t = -t, 0 = 5*n - 2*t - 20. Suppose 6 = -2*x + 5*a, 3*x + a = 2*x + n. Calculate the greatest common factor of x and 18.
2
Let f = -89 - -125. Calculate the highest common divisor of f and 90.
18
Suppose 0 = 5*c, -21 = -3*m - 2*c + 6*c. Suppose -3*i = -3*a + m - 34, 4*a = 0. Calculate the highest common factor of i and 1.
1
Let t be -4*(5/(-5))/(-2). Let c be ((-3 - t) + 2)*6. Calculate the highest common factor of 6 and c.
6
Let q = -110 - -192. Calculate the greatest common divisor of q and 1394.
82
Suppose 30*a - 28*a = 3*o - 225, -2*o + 157 = a